15822 = 476*f - 73190. Calculate the greatest common factor of 352 and f.
11
Let o = -9709 - -9749. Calculate the highest common factor of o and 64.
8
Let m = -50 - -68. Let a(y) = y**2 - 10*y + 66. Let l be a(16). What is the greatest common factor of m and l?
18
Let l(w) = 3*w**3 - 2*w**2 + 5*w - 5. Let o be l(5). Let v be (1 + 6/12)*10. What is the highest common divisor of o and v?
15
Suppose 163*g = -83*g - 87*g + 4995. What is the highest common divisor of g and 3375?
15
Let i = -297 - -357. What is the highest common divisor of 68 and i?
4
Let t(h) = h**3 - 2*h**2 - 6*h + 76. Let a be t(6). Suppose -188*q + 216 = -a*q. Calculate the greatest common factor of 66 and q.
6
Suppose 0*d - 3*d + 472 = -2*f, -2*d - f = -303. Suppose -n - d = n. Let g = -57 - n. Calculate the greatest common factor of g and 140.
20
Let n = -32000 - -32204. Calculate the highest common factor of n and 3791.
17
Let o be (4/(-2))/((-1)/72). Let y be (-6 - ((-49)/(-17) - 9)) + 604/68. What is the highest common divisor of o and y?
9
Let i = -75 + 87. Suppose i*s - 30 + 6 = 0. What is the greatest common factor of s and 8?
2
Let g(b) = 27*b + 198. Let h be g(13). Calculate the highest common factor of h and 122.
61
Suppose 3*a + 3*a - 42 = 0. Suppose 0 = -a*p + 4*p - 48. Let g = 177 + p. Calculate the greatest common factor of 23 and g.
23
Let c = 654 - 651. Suppose -16 = -c*o + 5*x, -5*o + 4*o = -2*x - 6. Calculate the greatest common factor of o and 16.
2
Suppose 115*g = 123*g - 48. Suppose g*z + 55 = k + z, 3*k - 4*z = 198. What is the greatest common factor of 25 and k?
5
Let w be ((-5)/10)/(3/15)*-2. Suppose w*i - 3*q - 2631 = 0, -6*q + 4*q - 529 = -i. What is the greatest common divisor of i and 75?
75
Suppose 0 = 3*s + p - 96, -32 = -63*s + 62*s + 2*p. Calculate the highest common divisor of s and 2952.
8
Let i = 28023 + -8820. Calculate the greatest common divisor of i and 222.
111
Suppose -5*s = -4*r + 1046, -5*r - 5*s + 1190 = -185. What is the greatest common divisor of 3 and r?
1
Let z be ((-72)/(-27) - 4)/((-6)/9). Calculate the highest common divisor of z and 926.
2
Let c = -228 - -231. Let f be (c - 10/3)*2*-3. Let d be ((-2)/4)/((-2)/8). What is the highest common divisor of d and f?
2
Suppose -11*k + 15*k = 60. Let z be (0 - -4) + -4 + 9 + -3. Calculate the greatest common divisor of k and z.
3
Let h(b) = -9*b + 1. Let u be 15 - 3/(1 - 4). Let i be h(u). Let j = -73 - i. Calculate the highest common factor of 14 and j.
14
Let u(t) = 192*t**2 - 307*t + 3781. Let z be u(12). Calculate the highest common factor of 155 and z.
155
Let x(z) = 5*z + 13 + 4*z - 8*z. Let w be x(-11). Suppose -274 = 5*r - 2*j - 700, j = w*r - 171. Calculate the greatest common divisor of 21 and r.
21
Let z be (-7)/(-7) - (-4)/(-4). Suppose -7*d + 9*d - 160 = z. Suppose -6*y - 2*y = -d. What is the highest common divisor of y and 30?
10
Let g(s) = 12*s + 1 + 2 + 29*s - 4. Let a(x) = 40*x. Let z(d) = 3*a(d) - 2*g(d). Let i be z(1). What is the greatest common factor of 16 and i?
8
Let i be 100/(4 + -2)*-2. Let m = 90 + i. Let a be (-3 - -37) + (-4)/m*5. Calculate the highest common factor of a and 60.
12
Suppose 2*c + 15 = 3*c. Suppose -180*d + 240*d - 11925 = -205*d. Calculate the greatest common divisor of c and d.
15
Suppose -5074 + 3754 = -11*l. Calculate the greatest common factor of l and 1290.
30
Suppose 275 = 7*h + 772. Let t be ((-19)/(-3))/((-2)/30). Let u = h - t. What is the greatest common divisor of u and 132?
12
Let u = -8 + 21. Let d(z) = 4*z**2 - 2. Let h be d(-2). Suppose 0 = h*b - 12*b + 4*o - 46, -3*b + 2*o + 29 = 0. Calculate the highest common factor of u and b.
13
Let o = 3063 - 3059. Calculate the highest common factor of 652 and o.
4
Let k(i) = 2*i**3 - 10*i**2 + 58*i - 419. Let b be k(6). Let t(y) = y + 7. Let z = -6 - -2. Let d be t(z). What is the greatest common factor of d and b?
1
Let n(l) = -l - 34. Let r(g) = 22 + 28 + 3*g + 28 - 11. Let j(x) = 9*n(x) + 4*r(x). Let c be j(14). What is the greatest common divisor of c and 4?
4
Let h be (25/(625/(-30)))/((-6)/3180). Calculate the greatest common divisor of h and 48.
12
Let u(a) = -a**3 - 7*a**2 + 16*a - 13. Let n be u(-9). Suppose 2*q - 577 = -3*q + 2*h, 0 = 5*q - 3*h - 578. What is the greatest common divisor of n and q?
5
Let x be ((-6)/5)/(18/(-1125)). What is the highest common divisor of 525 and x?
75
Suppose 2*g + 6*g - 16 = 0. Suppose -1 = -g*v + y, -y + 14 = 4*v - v. Calculate the highest common factor of 15 and v.
3
Let w be (-1 + (-34)/(-5))/(16/11520*16). What is the greatest common factor of 551 and w?
29
Let m be (16/(-14))/(176/(-24640)). What is the highest common divisor of 4640 and m?
160
Let g = 4139 - 3619. What is the greatest common divisor of g and 80?
40
Suppose 2*c - 2*q - 2 = 0, 11 = 3*q + 5. Suppose -2*r + c*i = -684, 4*r + 7*i - 1328 = 3*i. Calculate the highest common divisor of 21 and r.
21
Let m = -114 + 119. Suppose t - p = -1 + 9, -m*t + 16 = p. Suppose 2*n - 26 = -5*i, -i + 0 = t. Calculate the greatest common divisor of n and 253.
23
Suppose 0 = 4*t - 3 - 1. Suppose 2 = -l + 2*n + 2*n, t = -2*l + 5*n. Let k be 728/48 + (-10)/(-12). Calculate the highest common divisor of k and l.
2
Let h(v) = -v**2 + 52*v + 3683. Let d be h(-37). Calculate the greatest common factor of d and 150.
30
Suppose 127*b - 134*b = -322. Calculate the greatest common factor of 10 and b.
2
Let z be 367 - ((-4)/18 - (-14)/(-18) - -4). What is the greatest common factor of 2821 and z?
91
Let g(k) = 9*k**2 - 505*k + 88. Let m be g(57). Calculate the greatest common divisor of 2312 and m.
136
Let t = -1889 - -2441. Suppose -25*m - 520 + 1420 = 0. What is the highest common factor of m and t?
12
Let w = 4779 - 4644. What is the greatest common divisor of w and 210?
15
Suppose -291*x = -304*x - 314 + 1042. Suppose -2*v - 163 = -a, a + 61 + 28 = -v. Let j = 168 + v. What is the highest common factor of x and j?
28
Let h be (-5 + (-24)/(-6))/(-1)*51 + -3. What is the highest common factor of h and 48?
48
Let u(d) = 7*d**3 - 56*d**2 + 3*d - 14. Let h be u(8). Suppose 5*t = 20, 3*x + 59 + 28 = 3*t. Let q = x + 95. Calculate the highest common factor of q and h.
10
Suppose 323 = 5*d - 30*v + 31*v, -5*d + 3*v = -311. What is the highest common factor of d and 232?
8
Let m be 3 + 209/(-77) + (-3)/((-42)/138428). Calculate the greatest common divisor of 96 and m.
96
Let s be 222 + 1 + (3 - 5). Suppose -6*m + s = -337. Let y = m + -66. Calculate the highest common factor of 81 and y.
27
Let x(w) = 14*w + 157. Suppose 5*a = -41 + 11. Let g be x(a). What is the highest common factor of 1 and g?
1
Suppose 3*z = -4*x - x + 43, -4*x - 5*z + 37 = 0. Let j = 1848 + -1712. What is the greatest common divisor of j and x?
8
Suppose -19*r + 50*r = 62. Suppose 5*d + i + 6 = 1, 5 = -4*d - i. Suppose d = u + u - 44. Calculate the highest common factor of r and u.
2
Let z be (-50504)/(-32) + 4 + 3/4. Suppose -2*p + 6 = 0, -t + 5*p - z = -3*t. What is the highest common divisor of t and 16?
16
Suppose 0 = -z + 5*q + 214, 680 = -888*z + 892*z + 2*q. Let n = -484 - -919. Calculate the highest common factor of z and n.
87
Suppose 60*k - 13*k - 1128 = 0. What is the highest common factor of 2136 and k?
24
Suppose -5*f + 10 = 0, 50*h - 54*h = 2*f - 144. What is the highest common factor of 290 and h?
5
Let n be (-16438)/(-12) - 1/(-1)*12/72. What is the highest common divisor of n and 170?
10
Suppose -19*a = -6*a - 2314. Calculate the greatest common factor of a and 1157.
89
Suppose 18*b + 71593 - 1774 = 55*b. Calculate the greatest common factor of 888 and b.
111
Let g(d) = 77*d - 37. Let t be g(1). What is the greatest common divisor of t and 18500?
20
Let d = -22294 + 48331. Calculate the greatest common divisor of d and 99.
99
Suppose 61*k = -41*k + 8772. Calculate the highest common divisor of k and 2752.
86
Suppose -7*v - 90 = -62. Let g be (32 - 10) + (-20)/v. Calculate the highest common divisor of g and 21.
3
Let u(d) = -4*d**3 - 4*d**2 - 4*d + 7. Let i be u(-3). Let b be 1/(-7) + 1196/i + 0. Calculate the greatest common factor of 39 and b.
13
Suppose 480*y + 70*y - 6846 - 9654 = 0. Suppose -w + 5*n + 10 = 0, -w - 3*n = 4*w - 78. What is the greatest common factor of y and w?
15
Let n be (-1 - -2079) + 9/((-36)